{"id":758,"date":"2020-04-03T09:59:16","date_gmt":"2020-04-03T12:59:16","guid":{"rendered":"http:\/\/wp.rmsgigantografias.com.ar\/?page_id=758"},"modified":"2020-04-14T15:15:35","modified_gmt":"2020-04-14T18:15:35","slug":"impresion-de-lonas","status":"publish","type":"page","link":"https:\/\/wp.rmsgigantografias.com.ar\/index.php\/impresion-de-lonas\/","title":{"rendered":"Impresi\u00f3n de lonas"},"content":{"rendered":"\t\t<div data-elementor-type=\"wp-page\" data-elementor-id=\"758\" class=\"elementor elementor-758\">\n\t\t\t\t\t\t<section class=\"elementor-section elementor-top-section elementor-element elementor-element-e65bed2 elementor-section-boxed elementor-section-height-default elementor-section-height-default\" data-id=\"e65bed2\" data-element_type=\"section\">\n\t\t\t\t\t\t<div class=\"elementor-container elementor-column-gap-default\">\n\t\t\t\t\t<div class=\"elementor-column elementor-col-100 elementor-top-column elementor-element elementor-element-8318869\" data-id=\"8318869\" data-element_type=\"column\">\n\t\t\t<div class=\"elementor-widget-wrap elementor-element-populated\">\n\t\t\t\t\t\t<div class=\"elementor-element elementor-element-f7fe3fe elementor-widget elementor-widget-progress\" data-id=\"f7fe3fe\" data-element_type=\"widget\" data-widget_type=\"progress.default\">\n\t\t\t\t<div class=\"elementor-widget-container\">\n\t\t\t\t\t\n\t\t<div class=\"elementor-progress-wrapper\" role=\"progressbar\" aria-valuemin=\"0\" aria-valuemax=\"100\" aria-valuenow=\"100\">\n\t\t\t<div class=\"elementor-progress-bar\" data-max=\"100\">\n\t\t\t\t<span class=\"elementor-progress-text\"><\/span>\n\t\t\t\t\t\t\t<\/div>\n\t\t<\/div>\n\t\t\t\t\t\t<\/div>\n\t\t\t\t<\/div>\n\t\t\t\t\t<\/div>\n\t\t<\/div>\n\t\t\t\t\t<\/div>\n\t\t<\/section>\n\t\t\t\t<section class=\"elementor-section elementor-top-section elementor-element elementor-element-d003934 elementor-section-boxed elementor-section-height-default elementor-section-height-default\" data-id=\"d003934\" data-element_type=\"section\">\n\t\t\t\t\t\t<div class=\"elementor-container elementor-column-gap-default\">\n\t\t\t\t\t<div class=\"elementor-column elementor-col-100 elementor-top-column elementor-element elementor-element-e402798\" data-id=\"e402798\" data-element_type=\"column\">\n\t\t\t<div class=\"elementor-widget-wrap elementor-element-populated\">\n\t\t\t\t\t\t<div class=\"elementor-element elementor-element-624c1c9 elementor-widget elementor-widget-text-editor\" data-id=\"624c1c9\" data-element_type=\"widget\" data-widget_type=\"text-editor.default\">\n\t\t\t\t<div class=\"elementor-widget-container\">\n\t\t\t\t\t\t\t\t\t<p><\/p>\n<h4><span style=\"color: #000000;\"><strong><span style=\"text-decoration: underline;\">Variedad en materiales<\/span>:\u00a0<\/strong><\/span><\/h4>\n<h3><span style=\"color: #000000;\"><strong>Lona frontlight\u00a0<\/strong><\/span><\/h3>\n<h3><span style=\"color: #000000;\"><strong>Lona backlight\u00a0\u00a0<\/strong><\/span><\/h3>\n<h3><span style=\"color: #000000;\"><strong>Lona mate\u00a0<\/strong><\/span><\/h3>\n<h3><span style=\"color: #000000;\"><strong>Lona mesh\u00a0<\/strong><\/span><\/h3>\n<h3><span style=\"color: #000000;\"><strong>Lona blackout<\/strong><\/span><\/h3>\n<h4><span style=\"color: #000000;\"><strong>\u00a0<\/strong><\/span><\/h4>\n<h4><span style=\"color: #000000;\"><strong>Impresi\u00f3n en calidad fotogr\u00e1fica para banners, roll up,\u00a0 fondo de prensa, lonas para cami\u00f3n, punto de venta, toldos y carteler\u00eda en general SIN LIMITE DE TAMA\u00d1O.<\/strong><\/span><\/h4>\n<ul style=\"font-size: 15px; font-style: normal;\">\n<li style=\"font-size: 15px;\">\n<h4><span style=\"color: #000000;\">impresi\u00f3n\u00a0 en1440 dpi.<\/span><\/h4>\n<\/li>\n<li style=\"font-size: 15px;\">\n<h4><span style=\"color: #000000;\">3,20 mts de ancho de impresi\u00f3n sin soldar.<\/span><\/h4>\n<\/li>\n<li style=\"font-size: 15px;\">\n<h4><span style=\"color: #000000;\">Calidad fotogr\u00e1fica<\/span><\/h4>\n<\/li>\n<\/ul>\n<p><\/p>\n<p><\/p>\t\t\t\t\t\t\t\t<\/div>\n\t\t\t\t<\/div>\n\t\t\t\t<div class=\"elementor-element elementor-element-617f576 elementor-widget elementor-widget-video\" data-id=\"617f576\" data-element_type=\"widget\" data-settings=\"{&quot;youtube_url&quot;:&quot;https:\\\/\\\/youtu.be\\\/XZ8Suo1fG1Q&quot;,&quot;video_type&quot;:&quot;youtube&quot;,&quot;controls&quot;:&quot;yes&quot;}\" data-widget_type=\"video.default\">\n\t\t\t\t<div class=\"elementor-widget-container\">\n\t\t\t\t\t\t\t<div class=\"elementor-wrapper elementor-open-inline\">\n\t\t\t<div class=\"elementor-video\"><\/div>\t\t<\/div>\n\t\t\t\t\t\t<\/div>\n\t\t\t\t<\/div>\n\t\t\t\t\t<\/div>\n\t\t<\/div>\n\t\t\t\t\t<\/div>\n\t\t<\/section>\n\t\t\t\t<\/div>\n\t\t","protected":false},"excerpt":{"rendered":"<p>Variedad en materiales:\u00a0 Lona frontlight\u00a0 Lona backlight\u00a0\u00a0 Lona mate\u00a0 Lona mesh\u00a0 Lona blackout \u00a0 Impresi\u00f3n en calidad fotogr\u00e1fica para banners, roll up,\u00a0 fondo de prensa, lonas para cami\u00f3n, punto de venta, toldos y carteler\u00eda en general SIN LIMITE DE TAMA\u00d1O. impresi\u00f3n\u00a0 en1440 dpi. 3,20 mts de ancho de impresi\u00f3n sin soldar. Calidad fotogr\u00e1fica<\/p>\n","protected":false},"author":2,"featured_media":0,"parent":0,"menu_order":0,"comment_status":"closed","ping_status":"closed","template":"","meta":{"ngg_post_thumbnail":0,"footnotes":""},"class_list":["post-758","page","type-page","status-publish","hentry"],"_links":{"self":[{"href":"https:\/\/wp.rmsgigantografias.com.ar\/index.php\/wp-json\/wp\/v2\/pages\/758","targetHints":{"allow":["GET"]}}],"collection":[{"href":"https:\/\/wp.rmsgigantografias.com.ar\/index.php\/wp-json\/wp\/v2\/pages"}],"about":[{"href":"https:\/\/wp.rmsgigantografias.com.ar\/index.php\/wp-json\/wp\/v2\/types\/page"}],"author":[{"embeddable":true,"href":"https:\/\/wp.rmsgigantografias.com.ar\/index.php\/wp-json\/wp\/v2\/users\/2"}],"replies":[{"embeddable":true,"href":"https:\/\/wp.rmsgigantografias.com.ar\/index.php\/wp-json\/wp\/v2\/comments?post=758"}],"version-history":[{"count":11,"href":"https:\/\/wp.rmsgigantografias.com.ar\/index.php\/wp-json\/wp\/v2\/pages\/758\/revisions"}],"predecessor-version":[{"id":1086,"href":"https:\/\/wp.rmsgigantografias.com.ar\/index.php\/wp-json\/wp\/v2\/pages\/758\/revisions\/1086"}],"wp:attachment":[{"href":"https:\/\/wp.rmsgigantografias.com.ar\/index.php\/wp-json\/wp\/v2\/media?parent=758"}],"curies":[{"name":"wp","href":"https:\/\/api.w.org\/{rel}","templated":true}]}}